
Calculate the remainder when 18062 is divided by 31.
20
Calculate the remainder when 36879 is divided by 435.
339
Calculate the remainder when 287 is divided by 60.
47
What is the remainder when 50918 is divided by 71?
11
Calculate the remainder when 20004 is divided by 14.
12
Calculate the remainder when 618 is divided by 85.
23
Calculate the remainder when 188874 is divided by 176.
26
What is the remainder when 29865 is divided by 225?
165
Calculate the remainder when 309 is divided by 114.
81
What is the remainder when 335 is divided by 62?
25
What is the remainder when 312933 is divided by 236?
233
What is the remainder when 22215 is divided by 91?
11
What is the remainder when 7352 is divided by 1215?
62
Calculate the remainder when 17301 is divided by 463.
170
What is the remainder when 68706 is divided by 5722?
42
Calculate the remainder when 991248 is divided by 257.
256
Calculate the remainder when 4868 is divided by 204.
176
Calculate the remainder when 44874 is divided by 863.
861
Calculate the remainder when 4223 is divided by 67.
2
What is the remainder when 66102 is divided by 33028?
46
What is the remainder when 57249 is divided by 250?
249
What is the remainder when 188 is divided by 186?
2
Calculate the remainder when 2956 is divided by 74.
70
Calculate the remainder when 68128 is divided by 74.
48
Calculate the remainder when 148121 is divided by 19.
16
What is the remainder when 13103 is divided by 359?
179
What is the remainder when 29914 is divided by 595?
164
Calculate the remainder when 1071615 is divided by 128.
127
What is the remainder when 21412 is divided by 623?
230
Calculate the remainder when 3226 is divided by 3208.
18
What is the remainder when 2403 is divided by 26?
11
Calculate the remainder when 57297 is divided by 1102.
1095
What is the remainder when 17053 is divided by 29?
1
What is the remainder when 2609679 is divided by 4515?
9
What is the remainder when 4219 is divided by 1402?
13
What is the remainder when 661523 is divided by 9?
5
What is the remainder when 4313 is divided by 171?
38
What is the remainder when 2297 is divided by 348?
209
Calculate the remainder when 15693 is divided by 413.
412
What is the remainder when 3251 is divided by 52?
27
What is the remainder when 3253 is divided by 480?
373
Calculate the remainder when 5372 is divided by 1296.
188
Calculate the remainder when 14362 is divided by 14318.
44
What is the remainder when 20759 is divided by 399?
11
What is the remainder when 114183 is divided by 67?
15
What is the remainder when 62907 is divided by 253?
163
Calculate the remainder when 191133 is divided by 4778.
13
Calculate the remainder when 1080 is divided by 202.
70
Calculate the remainder when 3770 is divided by 918.
98
What is the remainder when 26540 is divided by 12?
8
Calculate the remainder when 736 is divided by 87.
40
What is the remainder when 96418 is divided by 19?
12
Calculate the remainder when 7957 is divided by 3973.
11
Calculate the remainder when 1016 is divided by 763.
253
Calculate the remainder when 29944 is divided by 636.
52
What is the remainder when 4912 is divided by 53?
36
Calculate the remainder when 26734 is divided by 48.
46
Calculate the remainder when 128932 is divided by 78.
76
What is the remainder when 1826 is divided by 122?
118
Calculate the remainder when 34273 is divided by 457.
455
What is the remainder when 3212734 is divided by 928?
926
Calculate the remainder when 428008 is divided by 29.
26
Calculate the remainder when 8288 is divided by 770.
588
What is the remainder when 2727 is divided by 44?
43
Calculate the remainder when 7468 is divided by 300.
268
What is the remainder when 104069 is divided by 8669?
41
Calculate the remainder when 1191 is divided by 164.
43
Calculate the remainder when 13153 is divided by 73.
13
What is the remainder when 316154 is divided by 105382?
8
What is the remainder when 13204 is divided by 573?
25
Calculate the remainder when 76044 is divided by 1461.
72
What is the remainder when 681323 is divided by 9733?
13
Calculate the remainder when 4798 is divided by 103.
60
What is the remainder when 1249 is divided by 1240?
9
What is the remainder when 1486 is divided by 595?
296
What is the remainder when 837 is divided by 135?
27
What is the remainder when 10258 is divided by 180?
178
Calculate the remainder when 11839 is divided by 275.
14
What is the remainder when 51037 is divided by 1041?
28
What is the remainder when 15017 is divided by 45?
32
Calculate the remainder when 111370 is divided by 7417.
115
What is the remainder when 61969 is divided by 29?
25
What is the remainder when 1092895 is divided by 107?
104
What is the remainder when 19174 is divided by 101?
85
Calculate the remainder when 83082 is divided by 70.
62
What is the remainder when 30382 is divided by 99?
88
What is the remainder when 11598 is divided by 117?
15
Calculate the remainder when 70848 is divided by 35419.
10
Calculate the remainder when 2677 is divided by 87.
67
Calculate the remainder when 1702 is divided by 847.
8
Calculate the remainder when 216 is divided by 79.
58
Calculate the remainder when 33060 is divided by 2106.
1470
Calculate the remainder when 50050 is divided by 51.
19
Calculate the remainder when 27115 is divided by 3869.
32
Calculate the remainder when 445257 is divided by 82.
79
Calculate the remainder when 14284 is divided by 896.
844
What is the remainder when 1438 is divided by 283?
23
Calculate the remainder when 233764 is divided by 40.
4
What is the remainder when 53408 is divided by 280?
208
What is the remainder when 20830 is divided by 28?
26
Calculate the remainder when 6970 is divided by 387.
4
Calculate the remainder when 104349 is divided by 4.
1
Calculate the remainder when 17402 is divided by 197.
66
What is the remainder when 1490 is divided by 504?
482
Calculate the remainder when 3647 is divided by 363.
17
What is the remainder when 5275 is divided by 1486?
817
Calculate the remainder when 813 is divided by 72.
21
Calculate the remainder when 3068926 is divided by 648.
646
Calculate the remainder when 698 is divided by 130.
48
What is the remainder when 50676 is divided by 8?
4
Calculate the remainder when 27870 is divided by 9284.
18
Calculate the remainder when 106263 is divided by 119.
115
Calculate the remainder when 9876 is divided by 3052.
720
What is the remainder when 427197 is divided by 20?
17
Calculate the remainder when 932 is divided by 76.
20
Calculate the remainder when 190 is divided by 28.
22
Calculate the remainder when 13243 is divided by 14.
13
What is the remainder when 2287 is divided by 63?
19
What is the remainder when 180705 is divided by 25813?
14
What is the remainder when 227552 is divided by 2676?
92
What is the remainder when 15333 is divided by 3?
0
Calculate the remainder when 1796 is divided by 1789.
7
What is the remainder when 596573 is divided by 326?
319
What is the remainder when 11535 is divided by 1647?
6
Calculate the remainder when 29596 is divided by 20.
16
Calculate the remainder when 22133 is divided by 156.
137
What is the remainder when 411 is divided by 32?
27
What is the remainder when 489 is divided by 482?
7
What is the remainder when 109542 is divided by 53?
44
Calculate the remainder when 33230 is divided by 915.
290
Calculate the remainder when 10751 is divided by 12.
11
What is the remainder when 8214 is divided by 6?
0
What is the remainder when 821442 is divided by 14?
6
What is the remainder when 3371 is divided by 212?
191
Calculate the remainder when 1653 is divided by 1533.
120
Calculate the remainder when 2016 is divided by 435.
276
Calculate the remainder when 3325 is divided by 240.
205
Calculate the remainder when 2930 is divided by 667.
262
Calculate the remainder when 555166 is divided by 414.
406
What is the remainder when 1580147 is divided by 49?
44
Calculate the remainder when 8031 is divided by 196.
191
Calculate the remainder when 1733 is divided by 598.
537
What is the remainder when 28709 is divided by 276?
5
What is the remainder when 776808 is divided by 221?
214
What is the remainder when 49403 is divided by 179?
178
Calculate the remainder when 240364 is divided by 31.
21
Calculate the remainder when 9919